- f**3 - 10*f**2 + 2*f**3 - 2*f**3. Determine d(9).
-6
Let o(v) = v**3 + 4*v**2 - 5*v - 4. Suppose 20*p - 12 = 17*p. Let i(j) = -4*j**2 + 3 - 3*j + 3*j**2 - 2 + p*j. Let s(t) = i(t) - o(t). Determine s(-6).
5
Suppose d = f + 9, 2*d - 4*f - 28 = -4. Let n(g) = -7*g + 20. Determine n(d).
-22
Let h(v) = -v - 9*v**2 - 218 + 0*v - 219 + 439. What is h(2)?
-36
Suppose -44*s + 571 = -45*s. Let j = 563 + s. Let b(z) = -z**3 - 7*z**2 + 10*z + 16. Calculate b(j).
0
Suppose -188*v - 336 = -194*v. Let s be (-1)/(-2)*0/(v/(-8)). Let t(g) = -g**3 - g**2 - 36. Calculate t(s).
-36
Suppose -16*j - 31 = 17. Let h(r) be the second derivative of -r**5/20 + r**4/12 + 3*r**3/2 - 3*r**2/2 + 555*r. What is h(j)?
6
Let z(p) = 853*p**2 + 4 - 2*p - 852*p**2 + 1 - 1 - 1. Let g be 1 - -1 - (-20)/(-2). Let n(a) = -a**2 - 7*a + 10. Let j be n(g). What is z(j)?
3
Let c = -49 + 120. Suppose c = -z + 78. Let s(q) = 309*q + q**2 - 317*q + z - 1. What is s(5)?
-9
Let c = -34 - -30. Let q be ((-22)/(-5) + c)*5. Suppose -7*y + q*y = 20. Let s(v) = v + 2. Calculate s(y).
-2
Suppose -2*v + 4*h - 3 + 15 = 0, 0 = -5*v + 2*h + 30. Let c(y) = -4*y - 7*y + v*y - 5 + 2*y. Give c(-6).
13
Let l(a) = 22*a - 3. Let m(t) = -86*t - 47. Let k(x) = 4*l(x) + m(x). Determine k(14).
-31
Let k(p) = -p**3 + 10*p**2 - 9*p - 6. Let a be (-5 + 3)*(-10)/(60/2277). Let b = a + -750. Calculate k(b).
-6
Suppose 5*t - 2*v = -48, -2*t + 2*v = -29 + 53. Let f(x) = 19 + 3*x + 15 - 3 + x. Give f(t).
-1
Let j(n) = n**3 + 5*n**2 - 5*n + 12. Suppose 11 = -w + 5*k, -145*w - k = -144*w + 5. What is j(w)?
6
Let j(v) be the third derivative of v**6/120 + 7*v**5/15 - v**3/6 - 2022*v**2. Determine j(-28).
-1
Let y(b) = -b**3 + 24*b**2 - 24*b + 28. Let s be y(23). Let k(a) = 11 - s*a + 6*a - 11. Let n = -13 + 8. What is k(n)?
-5
Let u be 3/((-3)/70)*-13*(-10)/(-325). Let z(p) = -p**2 + 29*p - 16. Calculate z(u).
12
Let l(u) = -4*u - 1. Let v be l(-7). Let k(o) = -o**2 + 29*o - 55. Let p be k(v). Let d(a) = -2*a + 2. Calculate d(p).
4
Let f(n) = 29*n - 57. Let r(i) = -63*i + 94. Let m(x) = -9*f(x) - 4*r(x). Give m(19).
-34
Suppose 5*d = 4*x + 10, x = 4*d - 3*x - 8. Suppose -2*q - 4*l + 14 = -0*q, 5 = 3*q + d*l. Let j(v) = -10*v - 1. Give j(q).
9
Let w be -16*6/(-9)*3. Suppose 12*i - 44*i = w. Let p(m) = -54*m**2 + m. Calculate p(i).
-55
Let x(s) = s**3 + s**2 - s - 9. Let k(n) = -n**3 + 11*n + 4. Let h = -54 - -51. Let o be k(h). Let p(t) = -3*t - 6. Let z be p(o). What is x(z)?
-9
Suppose 2*x + g = -x - 18, 4*x + 43 = 5*g. Let j(c) = 37*c**2 + 10 + 45*c**2 + 9*c - 81*c**2. What is j(x)?
-4
Let r(x) = -5*x + 150. Let z(g) = -2*g + 76. Let p(n) = -4*r(n) + 7*z(n). Let v be p(11). Let c(m) = 5*m. What is c(v)?
-10
Let a(i) be the third derivative of i**6/120 + i**5/12 - i**4/8 - i**3/6 - 2693*i**2. Determine a(-5).
14
Let r(c) = -5*c**2 - 56*c + 6. Let m(o) = -o**2 - 11*o + 1. Let y(i) = 11*m(i) - 2*r(i). Let x be (-40)/(-110) - (-736)/(-88). What is y(x)?
7
Let l(v) be the first derivative of 5*v**4/2 - v - 1. Let q = 603 + -1056. Let c = q + 452. Give l(c).
-11
Let b(g) = -3 - 2 - 10 + 390*g - 386*g. What is b(6)?
9
Let v(d) = 2*d + 6. Let i be v(-7). Let z(m) = 11*m + 7*m - 7 - 23*m + 10*m. Let y(r) = 4*r - 5. Let q(o) = 4*y(o) - 3*z(o). Give q(i).
-7
Let b(s) = 4*s - 1. Let f(t) = 3*t - 1. Let u(k) = -5*b(k) + 6*f(k). Suppose -2*w - 5*v + 76 = 0, -v + 188 = -w + 5*w. Let l = w + -49. Calculate u(l).
1
Let g(k) = -556*k**2 - 92 + 187*k**2 + 32*k + 181*k**2 - 33*k + 187*k**2. Calculate g(0).
-92
Let q(x) = x**2 + x - 1. Let f(c) = -2*c**2 - c - 6. Let g(n) = -f(n) - 3*q(n). Let h be g(-5). Let u(d) = -d**2 + 2*d**2 + 6*d - 1 - 2. Calculate u(h).
-3
Let s(q) = -21*q + 1. Let p(u) = 15*u - 38. Let l(y) = -p(y) - s(y). Give l(-7).
-5
Let f = 42 - 34. Suppose f*w - 5*w = -132. Let k be (-46)/11 - 8/w. Let g(j) = j**2 + 3*j + 1. What is g(k)?
5
Let y(a) be the first derivative of a**2 + 9*a + 858. Let p(m) = -2*m + 3. Let w be p(-4). Suppose t - 13 = 2*l, 2*l + 8 = -t - w. Calculate y(l).
-7
Let r(a) = 11*a**2 + 35*a + 27. Let j(s) = -7*s**2 - 23*s - 18. Suppose 0 = 5*t + 21 + 19. Let g(z) = t*j(z) - 5*r(z). Let v = -1536 - -1530. Calculate g(v).
-9
Let d = -5/2421 - -16957/4842. Let w(v) be the second derivative of 0 - d*v**2 - 4/3*v**3 + 1/12*v**4 - 2*v. Give w(8).
-7
Let z = -1745 - -847. Let x = z - -891. Let t(h) = -5*h**2 + 28*h + 28. Let g(b) = -b**2 + 7*b + 7. Let p(d) = -9*g(d) + 2*t(d). Give p(x).
-7
Let h(t) be the third derivative of -t**6/240 - 7*t**5/60 - t**4/6 + t**3/3 - 55*t**2. Let f(d) be the second derivative of h(d). Calculate f(-11).
19
Let i(t) be the first derivative of -t**2 - 19*t - 5037. Calculate i(-5).
-9
Let r(f) be the first derivative of -f**4/4 + f**3/3 + 5*f**2/2 - 5*f - 7995. Calculate r(3).
-8
Let x(g) = g**2 + 3*g - 2. Suppose p + 161 = v, v - 3*p = 6*v - 821. Let m = -161 + v. Give x(m).
8
Let a(z) be the first derivative of -1/2*z**2 + 2*z + 12. Suppose 16 = 5*i + 2*s, -6*i - 4*s + 16 = -4*i. Calculate a(i).
0
Let m(g) = -g - 2*g - 9 + 2*g**3 + 0*g**3 + 6*g**2 + 6*g**2. Let v be m(-6). Let q(w) = w + 6 + v*w - 6*w. Determine q(-4).
-10
Suppose -2*u + r = -3*r + 32, -4*u - 2*r = 24. Let h(s) = -s**3 - 7*s**2 + 7*s - 9. Let v be h(u). Let p(w) = -12*w**2 + 2*w + 1. What is p(v)?
-13
Let o(d) = 2*d**2 - 21*d - 13. Suppose 69*f - 55*f - 154 = 0. Calculate o(f).
-2
Let s(f) = -f**3 - 27*f**2 + 57*f - 26. Let r(d) = -d**2 - 67*d - 599. Let k be r(-10). Determine s(k).
3
Let c(g) be the first derivative of 4/3*g**3 + 1/60*g**5 + 7/24*g**4 + 0*g + 3 + 6*g**2. Let n(m) be the second derivative of c(m). Determine n(-6).
2
Let c(n) = n**2 - 15*n + 9. Let r be c(15). Suppose -7 = m - 3*z, 3*z + 4 = 2*m + r. Let u(b) = -b**3 + b**2 - b - 2. Calculate u(m).
-8
Suppose 4*i = 3*c - 39, 14 = c + 2*i + 1. Suppose 1 = -6*q + c. Let a(n) = -3*n**2 + 4 + 8*n**q - 4*n**2 + 6*n + n. Determine a(-5).
-6
Suppose 1290 = 5*b - 4*a, 0 = 4*a - 5*a. Suppose -3*g = -3*l - l - 254, 4*l + b = 5*g. Let t = 64 + l. Let p(r) = -r**3 + 2*r**2 + r + 1. Calculate p(t).
3
Suppose -938*s - 102 = -921*s. Let c(q) = -q**2 + 2*q + 32. Calculate c(s).
-16
Let c(h) be the third derivative of 13*h**4/8 - 27*h**3 - 4*h**2 + 182. What is c(4)?
-6
Let p(w) = -w**2 - w - 18. Let h(s) = -4*s - 3. Let y be h(-1). Let r be ((0/(-1))/1)/2. Suppose t + 1 - y = r. Determine p(t).
-18
Let o(s) = 625286 - 625316 + 3*s - s**3 + 0*s**2 + 10*s**2. Determine o(10).
0
Suppose -o = -4 + 2 + 5. Let y(n) = 5*n - 2. Let q(l) = 5*l - 3. Let x(v) = -3*q(v) + 4*y(v). Give x(o).
-14
Suppose -2*k = 2*a - 4, a - 2 = -0*a + 3*k. Suppose -3*q + 50 = a. Suppose -16 = -2*c - q. Let t(n) = n**2 + 12. Calculate t(c).
12
Let u(l) be the third derivative of -56*l**2 - 1/6*l**3 + 1/12*l**4 - 3/10*l**5 + l + 0. What is u(1)?
-17
Let i(r) = -6*r**3 - 45*r**2 - 30*r - 15. Let h(s) = -5*s**3 - 40*s**2 - 28*s - 15. Let b(o) = 5*h(o) - 4*i(o). Determine b(-19).
4
Let x(o) be the second derivative of o**4/12 + 8*o**3/3 + 20*o**2 - 2394*o. Calculate x(-12).
-8
Let f be 4/(-6)*((-402)/12 + 41). Let x(v) = 6 + 1 + 3*v + 5. Determine x(f).
-3
Let f(l) be the second derivative of 59*l**3/6 - 4*l**2 + 10538*l. Give f(1).
51
Let v be -8 + -29 - (2 + 0/(-1)). Let n = 79 + v. Let u = -41 + n. Let j(x) = -x**2 + 2*x + 1. What is j(u)?
-2
Let d(s) = -s**2 - 9*s - 20. Let a = 578 + -316. Suppose a*w = 270*w + 56. Calculate d(w).
-6
Suppose -3*v + 2 = 8. Let i be (2 - -1)*v/3. Let t(k) = -11 - 10 + 26 + k**3 - 2*k + k**2 - 8. Give t(i).
-3
Let k(r) be the second derivative of -r**6/180 - r**5/40 + r**4/6 - r**3/6 + r - 1. Let n(v) be the third derivative of k(v). Determine n(-2).
5
Let i(a) be the first derivative of 3*a**2 + 63*a - 5275. What is i(-4)?
39
Let f(b) = -5*b**3 - 5 + 6 + b + 1 + 4*b**3. Let d be 3/((-3)/(-2)*8/24). Let m be (18/d - 5)/(1 - 0). Give f(m).
8
Let m(z) = -11*z + 1. Let n be (6/4)/((-8)/32). Let f be (-2)/6*0 + 5. Let d(h) = -12*h + 1. Let k(u) = f*d(u) + n*m(u). Determine k(3).
17
Let h(q) be the third derivative of -q**5/60 - 41*q**4/24 - 71*q**3/6 - 1918*q**2 - 1. What is h(-39)?
7
Let v(d) be the second derivative of d**4/12 - 9*d**3/2 + 123*d**2/2 - 60*d - 6. Calculate v(21).
-3
Suppose -i - 3*i + 24 = 0. Suppose 0 = -6*b + 8*b - i. Suppose 0 = 3*f - g - b